46?
39
What is the greatest common divisor of 1700 and 6300?
100
What is the greatest common divisor of 146418 and 69?
69
Calculate the greatest common factor of 1645372 and 5268.
1756
What is the greatest common factor of 72820 and 12980?
220
What is the highest common factor of 55 and 218889?
11
What is the greatest common factor of 13083 and 616?
7
What is the highest common divisor of 4257 and 39259?
473
What is the greatest common divisor of 686 and 32354?
14
What is the highest common factor of 115 and 18055?
115
Calculate the greatest common factor of 6623 and 27029.
179
What is the greatest common factor of 134 and 1541402?
134
Calculate the greatest common factor of 3179 and 22.
11
Calculate the greatest common factor of 11500 and 22356.
92
What is the greatest common factor of 44680 and 25691?
1117
Calculate the greatest common factor of 171275 and 34.
17
What is the highest common factor of 714 and 198339?
51
Calculate the highest common factor of 1978 and 1679.
23
What is the highest common divisor of 92714 and 5526?
614
What is the greatest common divisor of 896 and 1449056?
224
Calculate the highest common divisor of 658 and 34780.
94
Calculate the highest common divisor of 923157 and 522.
261
Calculate the highest common factor of 187552 and 512.
32
What is the highest common factor of 7210 and 2065?
35
Calculate the greatest common divisor of 100645 and 5.
5
What is the greatest common divisor of 92140 and 4590?
170
What is the highest common factor of 6294 and 42?
6
What is the highest common factor of 380 and 684?
76
What is the greatest common divisor of 296 and 12839?
37
Calculate the highest common factor of 528 and 4377648.
528
Calculate the highest common factor of 7074 and 13824.
54
Calculate the greatest common divisor of 55 and 658768.
11
What is the greatest common factor of 39923 and 572?
13
What is the greatest common factor of 16 and 1173216?
16
Calculate the highest common factor of 9135 and 1260.
315
Calculate the greatest common divisor of 2732642 and 44.
22
Calculate the greatest common divisor of 4669 and 423913.
161
What is the greatest common factor of 568559 and 47?
47
What is the greatest common factor of 114468 and 108?
12
What is the greatest common factor of 102 and 574854?
6
Calculate the greatest common factor of 123195 and 1146.
573
Calculate the highest common factor of 10578 and 7872.
246
Calculate the highest common divisor of 1575 and 405125.
175
Calculate the greatest common divisor of 49 and 804902.
7
What is the greatest common divisor of 3075 and 18900?
75
What is the highest common factor of 617263 and 39584?
1237
What is the highest common divisor of 1414 and 505?
101
What is the greatest common factor of 1114872 and 656?
328
What is the highest common factor of 307857 and 38?
19
Calculate the greatest common factor of 19832 and 888.
296
Calculate the highest common factor of 451960 and 80.
40
Calculate the greatest common factor of 163809 and 27.
27
Calculate the greatest common divisor of 2664 and 7044.
12
What is the highest common factor of 872355 and 99?
33
What is the greatest common factor of 82068 and 1246?
14
What is the highest common factor of 29029 and 104?
13
Calculate the greatest common factor of 71660 and 3260.
20
Calculate the greatest common divisor of 234 and 43186.
26
Calculate the greatest common divisor of 1012484 and 44.
44
What is the highest common factor of 131683 and 1443?
37
Calculate the highest common factor of 1325053 and 69.
23
What is the greatest common factor of 155 and 3615?
5
Calculate the highest common factor of 42385 and 80.
5
What is the highest common divisor of 1740 and 5340?
60
Calculate the greatest common factor of 12992 and 49532.
812
What is the greatest common divisor of 1375 and 3750?
125
Calculate the highest common divisor of 41437 and 11.
11
Calculate the greatest common divisor of 4425849 and 423.
423
Calculate the greatest common divisor of 6275 and 10.
5
Calculate the highest common divisor of 78210 and 198.
198
What is the highest common divisor of 1090723 and 481?
37
What is the highest common divisor of 595544 and 34?
34
What is the greatest common factor of 742 and 356054?
106
Calculate the greatest common factor of 5177 and 248.
31
What is the highest common factor of 874860 and 1260?
420
What is the highest common divisor of 41352 and 8?
8
Calculate the highest common divisor of 89264 and 35.
7
What is the greatest common factor of 43 and 53?
1
Calculate the highest common factor of 825 and 279213.
33
Calculate the highest common factor of 189 and 2106.
27
Calculate the greatest common factor of 104 and 201292.
52
What is the greatest common divisor of 50031 and 99?
9
Calculate the greatest common divisor of 10 and 61670.
10
Calculate the highest common divisor of 512533 and 295.
59
What is the greatest common factor of 520582 and 92?
46
Calculate the highest common divisor of 29719 and 2599.
113
Calculate the greatest common factor of 138523 and 771.
257
Calculate the highest common divisor of 119802 and 246.
246
What is the greatest common divisor of 162537 and 51?
51
What is the greatest common divisor of 2313 and 303517?
257
What is the highest common divisor of 466627 and 3115?
623
What is the greatest common divisor of 6594 and 113197?
1099
Calculate the greatest common divisor of 246089 and 2107.
43
Calculate the highest common factor of 2 and 33812.
2
Calculate the greatest common factor of 320432 and 1.
1
What is the greatest common divisor of 169100 and 38?
38
What is the highest common factor of 138774 and 1818?
606
What is the greatest common divisor of 2285 and 200?
5
What is the greatest common divisor of 11922 and 9?
3
What is the greatest common factor of 45 and 780120?
45
Calculate the highest common divisor of 6399 and 810.
81
Calculate the greatest common divisor of 1628 and 87956.
44
What is the greatest common factor of 33358 and 234?
26
What is the greatest common divisor of 222359 and 2913?
971
Calculate the greatest common factor of 9854 and 22.
2
What is the greatest common factor of 12 and 69220?
4
Calculate the highest common factor of 4212 and 2444013.
1053
What is the greatest common factor of 72288 and 6526?
502
What is the greatest common divisor of 44 and 41690?
22
What is the greatest common factor of 657 and 11?
1
Calculate the highest common factor of 252 and 33600.
84
What is the highest common factor of 112184 and 8?
8
Calculate the greatest common divisor of 4664 and 7208.
424
Calculate the greatest common factor of 954745 and 110.
55
What is the highest common factor of 21945 and 836?
209
What is the greatest common divisor of 13370 and 1090?
10
Calculate the greatest common divisor of 195 and 51150.
15
What is the highest common factor of 105780 and 18204?
492
Calculate the highest common divisor of 5447 and 8380.
419
Calculate the highest common divisor of 235654 and 34.
34
Calculate the highest common divisor of 7840 and 61285.
35
Calculate the highest common divisor of 16657542 and 66.
66
What is the greatest common divisor of 920 and 91839?
23
Calculate the greatest common factor of 303 and 119584.
101
What is the greatest common divisor of 1865253 and 5943?
849
What is the greatest common factor of 9027 and 155052?
531
Calculate the greatest common factor of 14297375 and 125.
125
What is the highest common factor of 164 and 914833?
41
What is the greatest common divisor of 1716 and 4602?
78
What is the highest common factor of 33707 and 31885?
911
Calculate the highest common factor of 7378 and 12274.
34
Calculate the highest common factor of 248050 and 3280.
410
Calculate the greatest common factor of 48803 and 851.
37
What is the highest common factor of 408126 and 1084?
542
What is the highest common divisor of 6830 and 400?
10
Calculate the highest common factor of 30 and 380235.
15
What is the greatest common factor of 42964 and 1771?
23
What is the highest common factor of 1412580 and 20?
20
What is the greatest common divisor of 848 and 12296?
424
What is the highest common factor of 60 and 172880?
20
What is the highest common factor of 165 and 25824315?
165
Calculate the greatest common factor of 94 and 2021.
47
Calculate the highest common divisor of 25 and 2455.
5
Calc